{"id":41,"date":"2021-06-14T09:52:56","date_gmt":"2021-06-14T09:52:56","guid":{"rendered":"https:\/\/neu.eisenbahnmuseum-vienenburg.de\/?page_id=41"},"modified":"2025-05-20T08:39:57","modified_gmt":"2025-05-20T08:39:57","slug":"fahrzeuge","status":"publish","type":"page","link":"https:\/\/www.eisenbahnmuseum-vienenburg.de\/?page_id=41","title":{"rendered":"Fahrzeuge"},"content":{"rendered":"<p><span style=\"font-family: arial, helvetica, sans-serif;\"><img loading=\"lazy\" decoding=\"async\" class=\"alignnone wp-image-322 size-full\" src=\"https:\/\/www.eisenbahnmuseum-vienenburg.de\/wp-content\/uploads\/2021\/07\/20150207_Lahntal_und_Oberwesterwald_119-6222_1.jpg\" alt=\"\" width=\"1200\" height=\"394\" srcset=\"https:\/\/www.eisenbahnmuseum-vienenburg.de\/wp-content\/uploads\/2021\/07\/20150207_Lahntal_und_Oberwesterwald_119-6222_1.jpg 1200w, https:\/\/www.eisenbahnmuseum-vienenburg.de\/wp-content\/uploads\/2021\/07\/20150207_Lahntal_und_Oberwesterwald_119-6222_1-300x99.jpg 300w, https:\/\/www.eisenbahnmuseum-vienenburg.de\/wp-content\/uploads\/2021\/07\/20150207_Lahntal_und_Oberwesterwald_119-6222_1-1024x336.jpg 1024w, https:\/\/www.eisenbahnmuseum-vienenburg.de\/wp-content\/uploads\/2021\/07\/20150207_Lahntal_und_Oberwesterwald_119-6222_1-768x252.jpg 768w\" sizes=\"auto, (max-width: 1200px) 100vw, 1200px\" \/><\/span><\/p>\n<p><span style=\"font-family: arial, helvetica, sans-serif; font-size: 14pt;\"><strong>Fahrzeuge:<\/strong><\/span><\/p>\n<p><span style=\"font-family: arial, helvetica, sans-serif;\"><strong>Lokomotiven:<br \/>\n<a href=\"\/521360-8\">Dampflok 52 1360-8<\/a><\/strong><\/span><\/p>\n<p><span style=\"font-family: arial, helvetica, sans-serif;\"><strong>Personenwagen<br \/>\n<\/strong><strong><a href=\"\/historischer-schnellzug\">Unser historischer Schnellzug<\/a><\/strong><\/span><\/p>\n<p><a href=\"https:\/\/www.eisenbahnmuseum-vienenburg.de\/?page_id=785&amp;preview=true\"><span style=\"text-decoration: underline;\"><span style=\"font-family: arial, helvetica, sans-serif;\"><strong><span style=\"color: #0000ff; text-decoration: underline;\">Die K\u00f6f<\/span><\/strong><\/span><\/span><\/a><\/p>\n<p><span style=\"font-family: arial, helvetica, sans-serif;\"><strong>G\u00fcterwagen:<\/strong><br \/>\nalle nicht betriebsf\u00e4hig<\/span><\/p>\n<p><span style=\"font-family: arial, helvetica, sans-serif;\">Gbs-uv\u00a0<sup>254<\/sup>\u00a0\u00a0\u00a0\u00a0\u00a0\u00a0\u00a0 gedeckter G\u00fcterwagen\u00a0\u00a0\u00a0\u00a0\u00a0\u00a0\u00a0\u00a0\u00a0\u00a0\u00a0\u00a0\u00a0\u00a0\u00a0\u00a0\u00a0\u00a0 ex. Deutsche Bundesbahn<\/span><br \/>\n<span style=\"font-family: arial, helvetica, sans-serif;\">G 93\u00a0\u00a0\u00a0\u00a0\u00a0\u00a0\u00a0\u00a0\u00a0\u00a0\u00a0\u00a0\u00a0\u00a0\u00a0\u00a0 gedeckter G\u00fcterwagen\u00a0\u00a0\u00a0\u00a0\u00a0\u00a0\u00a0\u00a0\u00a0\u00a0\u00a0\u00a0\u00a0\u00a0\u00a0\u00a0\u00a0\u00a0 ex. Kalkwerk Oker; Werkswagen 2<\/span><br \/>\n<span style=\"font-family: arial, helvetica, sans-serif;\">Pwg pr 14\u00a0\u00a0\u00a0\u00a0\u00a0\u00a0\u00a0\u00a0 G\u00fcterzug-Begleitwagen\u00a0\u00a0\u00a0\u00a0\u00a0\u00a0\u00a0\u00a0\u00a0\u00a0\u00a0\u00a0\u00a0\u00a0\u00a0\u00a0\u00a0 ex. DR 30 50 940 252-7; Osterwiek<\/span><br \/>\n<span style=\"font-family: arial, helvetica, sans-serif;\">Omm 52\u00a0\u00a0\u00a0\u00a0\u00a0\u00a0\u00a0\u00a0\u00a0\u00a0 offener G\u00fcterwagen\u00a0\u00a0\u00a0\u00a0\u00a0\u00a0\u00a0\u00a0\u00a0\u00a0\u00a0\u00a0\u00a0\u00a0\u00a0\u00a0\u00a0\u00a0\u00a0\u00a0\u00a0\u00a0 ex. Deutsche Bundesbahn<\/span><br \/>\n<span style=\"font-family: arial, helvetica, sans-serif;\">X 05\u00a0\u00a0\u00a0\u00a0\u00a0\u00a0\u00a0\u00a0\u00a0\u00a0\u00a0\u00a0\u00a0\u00a0\u00a0\u00a0 Flachwagen\u00a0\u00a0\u00a0\u00a0\u00a0\u00a0\u00a0\u00a0\u00a0\u00a0\u00a0\u00a0\u00a0\u00a0\u00a0\u00a0\u00a0\u00a0\u00a0\u00a0\u00a0\u00a0\u00a0\u00a0\u00a0\u00a0\u00a0\u00a0\u00a0\u00a0\u00a0\u00a0\u00a0\u00a0 ex. Chemische Werke Oker<\/span><br \/>\n<span style=\"font-family: arial, helvetica, sans-serif;\">Z\u00a0\u00a0\u00a0\u00a0\u00a0\u00a0\u00a0\u00a0\u00a0\u00a0\u00a0\u00a0\u00a0\u00a0\u00a0\u00a0\u00a0\u00a0\u00a0\u00a0\u00a0 Kesselwagen f\u00fcr Flugbenzin\u00a0\u00a0\u00a0\u00a0\u00a0\u00a0\u00a0\u00a0\u00a0\u00a0 ex. H.C. Starck Werkswagen 6<\/span><\/p>\n<p><span style=\"font-family: arial, helvetica, sans-serif;\"><strong>Dienstwagen:<\/strong><br \/>\n423\u00a0\u00a0\u00a0\u00a0\u00a0\u00a0\u00a0\u00a0\u00a0\u00a0\u00a0\u00a0\u00a0\u00a0\u00a0\u00a0\u00a0 Bahndienstwagen\u00a0\u00a0\u00a0\u00a0\u00a0\u00a0\u00a0\u00a0\u00a0\u00a0\u00a0\u00a0\u00a0\u00a0\u00a0\u00a0\u00a0\u00a0\u00a0\u00a0\u00a0\u00a0\u00a0\u00a0\u00a0 auf Basis 3yg-Umbauwagen<\/span><\/p>\n<p><span style=\"font-family: arial, helvetica, sans-serif;\"><strong>Sonstige:<br \/>\n<\/strong>Mobilbagger M4\u00a0\u00a0\u00a0\u00a0\u00a0\u00a0\u00a0\u00a0\u00a0\u00a0\u00a0\u00a0\u00a0\u00a0\u00a0\u00a0\u00a0\u00a0 Seilbagger von O&amp;K; Baujahr 1963<\/span><br \/>\n<span style=\"font-family: arial, helvetica, sans-serif;\">Gep\u00e4ckkarren<\/span><br \/>\n<span style=\"font-family: arial, helvetica, sans-serif;\">Handkarre<\/span><\/p>\n<p>&nbsp;<\/p>\n","protected":false},"excerpt":{"rendered":"<p>Fahrzeuge: Lokomotiven: Dampflok 52 1360-8 Personenwagen Unser historischer Schnellzug Die K\u00f6f G\u00fcterwagen: alle nicht betriebsf\u00e4hig Gbs-uv\u00a0254\u00a0\u00a0\u00a0\u00a0\u00a0\u00a0\u00a0 gedeckter G\u00fcterwagen\u00a0\u00a0\u00a0\u00a0\u00a0\u00a0\u00a0\u00a0\u00a0\u00a0\u00a0\u00a0\u00a0\u00a0\u00a0\u00a0\u00a0\u00a0 ex. Deutsche Bundesbahn G 93\u00a0\u00a0\u00a0\u00a0\u00a0\u00a0\u00a0\u00a0\u00a0\u00a0\u00a0\u00a0\u00a0\u00a0\u00a0\u00a0 gedeckter G\u00fcterwagen\u00a0\u00a0\u00a0\u00a0\u00a0\u00a0\u00a0\u00a0\u00a0\u00a0\u00a0\u00a0\u00a0\u00a0\u00a0\u00a0\u00a0\u00a0 ex. Kalkwerk Oker; Werkswagen 2 Pwg pr 14\u00a0\u00a0\u00a0\u00a0\u00a0\u00a0\u00a0\u00a0 G\u00fcterzug-Begleitwagen\u00a0\u00a0\u00a0\u00a0\u00a0\u00a0\u00a0\u00a0\u00a0\u00a0\u00a0\u00a0\u00a0\u00a0\u00a0\u00a0\u00a0 ex. DR 30 50 940 252-7; Osterwiek Omm 52\u00a0\u00a0\u00a0\u00a0\u00a0\u00a0\u00a0\u00a0\u00a0\u00a0 offener G\u00fcterwagen\u00a0\u00a0\u00a0\u00a0\u00a0\u00a0\u00a0\u00a0\u00a0\u00a0\u00a0\u00a0\u00a0\u00a0\u00a0\u00a0\u00a0\u00a0\u00a0\u00a0\u00a0\u00a0 ex. Deutsche Bundesbahn X 05\u00a0\u00a0\u00a0\u00a0\u00a0\u00a0\u00a0\u00a0\u00a0\u00a0\u00a0\u00a0\u00a0\u00a0\u00a0\u00a0 Flachwagen\u00a0\u00a0\u00a0\u00a0\u00a0\u00a0\u00a0\u00a0\u00a0\u00a0\u00a0\u00a0\u00a0\u00a0\u00a0\u00a0\u00a0\u00a0\u00a0\u00a0\u00a0\u00a0\u00a0\u00a0\u00a0\u00a0\u00a0\u00a0\u00a0\u00a0\u00a0\u00a0\u00a0\u00a0 ex. Chemische Werke Oker &#8230; <a title=\"Fahrzeuge\" class=\"read-more\" href=\"https:\/\/www.eisenbahnmuseum-vienenburg.de\/?page_id=41\" aria-label=\"Mehr dazu unter Fahrzeuge\">Weiterlesen<\/a><\/p>\n","protected":false},"author":1,"featured_media":0,"parent":0,"menu_order":0,"comment_status":"closed","ping_status":"closed","template":"","meta":{"footnotes":""},"class_list":["post-41","page","type-page","status-publish"],"_links":{"self":[{"href":"https:\/\/www.eisenbahnmuseum-vienenburg.de\/index.php?rest_route=\/wp\/v2\/pages\/41","targetHints":{"allow":["GET"]}}],"collection":[{"href":"https:\/\/www.eisenbahnmuseum-vienenburg.de\/index.php?rest_route=\/wp\/v2\/pages"}],"about":[{"href":"https:\/\/www.eisenbahnmuseum-vienenburg.de\/index.php?rest_route=\/wp\/v2\/types\/page"}],"author":[{"embeddable":true,"href":"https:\/\/www.eisenbahnmuseum-vienenburg.de\/index.php?rest_route=\/wp\/v2\/users\/1"}],"replies":[{"embeddable":true,"href":"https:\/\/www.eisenbahnmuseum-vienenburg.de\/index.php?rest_route=%2Fwp%2Fv2%2Fcomments&post=41"}],"version-history":[{"count":12,"href":"https:\/\/www.eisenbahnmuseum-vienenburg.de\/index.php?rest_route=\/wp\/v2\/pages\/41\/revisions"}],"predecessor-version":[{"id":788,"href":"https:\/\/www.eisenbahnmuseum-vienenburg.de\/index.php?rest_route=\/wp\/v2\/pages\/41\/revisions\/788"}],"wp:attachment":[{"href":"https:\/\/www.eisenbahnmuseum-vienenburg.de\/index.php?rest_route=%2Fwp%2Fv2%2Fmedia&parent=41"}],"curies":[{"name":"wp","href":"https:\/\/api.w.org\/{rel}","templated":true}]}}